eatest common factor of 1 and z.
1
Suppose -h - 4*r + 3 = -0*h, -4*h + 54 = -5*r. Calculate the highest common divisor of 1 and h.
1
Suppose -l = 2*l + 9. Let o be 80/(-3)*l + -3. What is the highest common factor of o and 11?
11
Suppose 468 = s + 100. Calculate the greatest common divisor of s and 46.
46
Let b be (15/2 - -3)/(3/6). Suppose 210 = 2*c - 0*c. Calculate the highest common factor of c and b.
21
Let b(c) = -99*c**3 + c**2 + c. Let h be b(-1). Let y be 12/12 + 3*-1. Let n be (-72)/20*5/y. Calculate the highest common factor of h and n.
9
Let w be (13/(-3))/(5/(-15)). Calculate the greatest common divisor of 104 and w.
13
Let s(l) be the first derivative of l**3 + 9*l**2/2 - 7*l - 5. Let x be s(-7). Calculate the highest common divisor of x and 11.
11
Let k(n) = -n**2. Let f(h) = h**3 + 15*h**2 - 10*h + 7. Let s(c) = f(c) + 4*k(c). Let x be s(-10). What is the greatest common factor of 23 and x?
23
Let u be 2/(-4*4/(-16)). Suppose 47 - 15 = u*s. Calculate the highest common factor of 80 and s.
16
Let d be (-60)/(-14) + (-8)/28. Suppose d*u - 18 = 2, 11 = -4*z - u. Let m be (-1)/z - 254/(-8). Calculate the highest common divisor of 4 and m.
4
Let u(s) = -6*s**3 + s**2 + s. Let t be u(-1). Calculate the highest common divisor of 30 and t.
6
Suppose -n + 6 = -10. What is the highest common divisor of n and 40?
8
Suppose 10 = h - u, 3*u = -4*h + 6*u + 37. Let y(j) = -j**3 + 3*j**2 + 9*j + 6. Let z be y(5). What is the highest common divisor of h and z?
1
Let x(b) = -1 + 2*b - 3 - 3 + 2*b. Let d be x(7). Calculate the highest common factor of 14 and d.
7
Let w(b) = b**3 - 4*b**2 - 5*b + 6. Let g be w(5). Calculate the greatest common factor of 48 and g.
6
Let r be (-3 + 2)/(1/5). Let u(l) = l**2 + 4*l. Let f be u(-6). Let o = f + r. What is the highest common factor of 7 and o?
7
Let q(v) = v**2 + 4*v - 11. Let w be q(-7). What is the greatest common factor of 25 and w?
5
Let r be 0 + 0 - 40/(-8). Suppose 0 = 4*z + u - 198, -u - 2*u - 256 = -r*z. Calculate the greatest common factor of 20 and z.
10
Suppose 2*f + 4*r - 224 = -0*r, 2*f + 2*r = 226. What is the greatest common factor of 76 and f?
38
Let t(g) = g**2 - 19*g + 12. Let h be t(19). What is the highest common divisor of h and 60?
12
Let t = 67 - 44. What is the greatest common divisor of t and 92?
23
Suppose 0 = 4*b + 2*d + 4, -27 = -4*b + 5*d - 3. Calculate the highest common factor of 2 and b.
1
Let l(a) = a**3 + 12*a**2 + 18*a - 10. Let i be l(-10). What is the greatest common divisor of i and 2?
2
Let p(v) = -v**2 - 9*v + 16. Let t be p(-10). What is the greatest common factor of 9 and t?
3
Suppose 2*f - 20 = 96. Suppose 2*p + 0*p = f. Let s = p - 14. Calculate the highest common factor of 3 and s.
3
Let r = -86 - -185. Suppose -5*p + r = 4*k - 48, -30 = -p - k. Let s be (-11)/(-3) + (-2)/3. Calculate the greatest common factor of s and p.
3
Let j be 76/(-8)*2*-1. Calculate the greatest common factor of 209 and j.
19
Let g = 8 + -6. What is the greatest common divisor of 5 and g?
1
Let r be 231/(-2)*6/(-9). Suppose 0 = 2*c - 5 - 9. What is the greatest common factor of r and c?
7
Let o(f) = f**3 - 9*f**2 + 18*f - 15. Let b be o(7). What is the highest common factor of 104 and b?
13
Suppose 4 - 16 = -3*d. Suppose 0 = 5*w - 3*z - 44 - 70, 69 = d*w + 5*z. Calculate the greatest common factor of 14 and w.
7
Let w be (-22)/(-77) + ((-192)/(-14) - -1). What is the greatest common divisor of w and 10?
5
Let c be (-16)/(-104) - (-204)/26. What is the greatest common factor of c and 20?
4
Let y(v) = v**3 - 2*v**2 + 2*v - 2. Let t be y(2). Suppose t*n = -2*q + 36, 5*n - 2*n = -q + 46. Calculate the greatest common divisor of 7 and n.
7
Suppose 4*c - 84 = -3*c. Calculate the highest common factor of 30 and c.
6
Let a(p) = 2*p - 1. Let w be a(2). Let z be ((-20)/w)/((-3)/9). What is the highest common factor of 4 and z?
4
Suppose 4*p + 8 + 8 = 0. Let m be -3 - (-2 - (15 - p)). Calculate the greatest common divisor of 6 and m.
6
Let i = 0 - -4. Suppose -j + 4*k + 6 = 0, i*k + 21 = 4*j - 15. Calculate the greatest common divisor of 30 and j.
10
Suppose 0 = -2*r - 2*r + 64. Calculate the highest common divisor of 64 and r.
16
Let l(o) = 6*o + o + o + 3*o**2 - 3. Let b(d) = -5*d**3 + 2*d**2 + d. Let m be b(-1). Let n be l(m). What is the greatest common factor of n and 17?
17
Let r = -32 + 59. Suppose 5*z - l + 0*l = -11, 5*l + 3 = -4*z. Let g(u) = -2*u**3 - u**2 + u - 1. Let c be g(z). What is the greatest common divisor of r and c?
9
Let k = -145 - -321. What is the highest common factor of 22 and k?
22
Suppose 10*g - 88 = 8*g. Calculate the greatest common factor of g and 66.
22
Let h(x) = 2*x**3 + 5*x**2 - 2*x - 4. Let p be h(-2). Let u(o) = -o + 10. Let f be u(0). Calculate the greatest common divisor of f and p.
2
Suppose 3*o + 9 = m - 13, -5*m = 2*o - 8. Let q(h) = 3*h - 7*h - 3*h + 3*h - 2. Let k be q(o). Calculate the highest common factor of k and 33.
11
Suppose 17 = 3*a - x, a = -a - 2*x + 6. Calculate the greatest common factor of 5 and a.
5
Suppose 2*q + 5 = 47. Calculate the highest common divisor of q and 147.
21
Let c = -25 + 5. Let o be c*((-39)/15 + -1). Calculate the highest common divisor of 8 and o.
8
Let f = 3 + -6. Let x be -4*(3 - (5 - f)). Calculate the highest common factor of x and 40.
20
Let n = 3 + 8. Calculate the highest common factor of 99 and n.
11
Suppose 3*u = -4*u + 21. What is the highest common factor of u and 3?
3
Let y = 110 + -75. Calculate the greatest common divisor of 210 and y.
35
Let s = -180 - -284. Calculate the greatest common factor of 13 and s.
13
Let k be (3/2)/((-12)/(-64)). What is the greatest common divisor of k and 32?
8
Let i be (-182)/(-4)*(-3 + 5). What is the highest common divisor of i and 7?
7
Suppose 2*f - k - 32 = 28, f = -3*k + 30. Calculate the greatest common factor of f and 10.
10
Let v = 10 - 6. Calculate the highest common divisor of v and 10.
2
Let c(s) = 2*s - 11. Let k be c(17). Calculate the highest common factor of 46 and k.
23
Let q be -2 - (-2 + 3)/1. Let h be (-1)/(q/(-2))*-6. Suppose -h*l + 18 = -l. Calculate the greatest common divisor of l and 15.
3
Suppose j + 15 = 4*j - 2*m, m + 20 = 4*j. What is the highest common divisor of j and 25?
5
Let a = 80 - 50. What is the highest common factor of 45 and a?
15
Let n(i) = i**2 - 8*i + 4. Let h be n(7). Let w be 0 - h - (4 - 17). What is the greatest common divisor of 64 and w?
16
Let s(f) = 8*f**2 - 9*f - 8. Let w be s(8). Suppose -5*v = -v - w. Calculate the highest common divisor of 12 and v.
12
Let u = 55 + -13. Calculate the greatest common divisor of 18 and u.
6
Suppose 2*a - 3*p + 5 = 0, 0 = 2*a - p - 0 - 1. Suppose -5*u - 4*n + 20 = 0, -21 = -0*u - a*u + n. Calculate the highest common factor of 56 and u.
8
Suppose -293 = -j - 0*i - 4*i, 0 = 4*j + 4*i - 1184. What is the highest common factor of 11 and j?
11
Let p = -12 + 129. Suppose -5*j + 0*j + 65 = 0. Let y be (-1)/(12/j + -1). What is the highest common factor of y and p?
13
Suppose 3*z - v = 21 - 2, 0 = -5*z + 2*v + 30. Calculate the highest common divisor of 56 and z.
8
Let r(l) = l**3 + 4*l**2 - l - 4. Suppose -5*w + 0 = 15. Let v be r(w). Let z = 32 - 12. What is the highest common divisor of v and z?
4
Suppose 2*v = -5*j + 210, 2*v = -2*j + 32 + 58. Let y be (-8)/12*36/(-3). What is the greatest common divisor of j and y?
8
Let n = 20 + 40. Let j be (2 - -18) + (0 - -4). What is the greatest common divisor of n and j?
12
Let i(v) = v**2 + 6*v + 17. Let f be i(-8). Let g = f + -21. Suppose 2*w + 144 = 5*w. Calculate the highest common factor of g and w.
12
Suppose c + 616 = 5*c. Calculate the greatest common factor of 22 and c.
22
Let v be 3/1 - 0/3. Let j = 30 - 20. Let n be 8*v*j/8. What is the greatest common divisor of n and 10?
10
Let p be 25 + 2 + -2 + -2. Calculate the greatest common divisor of p and 207.
23
Let w(j) = -j - 2. Let i be w(-6). Suppose -p + d = 4*p + 72, 4*d + 6 = -p. Let x = p + 24. Calculate the greatest common divisor of i and x.
2
Let f = 13 - -3. What is the greatest common factor of f and 12?
4
Suppose 0 = -4*q + 26 - 10. Suppose i = -3*c + 103, -3*i + 159 = -q*c - 189. Calculate the highest common divisor of 14 and i.
14
Let w be 51/9*(0 - -3). Calculate the greatest 